t o = f + 15. What is the remainder when 25 is divided by o?
12
Let c(t) = -t**3 + 5*t**2 - 6*t + 3. Let r be c(4). Let h = 4 + 1. Calculate the remainder when h is divided by (r + 8)/(3/2).
1
Let f(j) = -j**2 - 3*j + 1. Let r be f(-3). Let h(l) = -7*l + r + 5 - 5 - l**2. What is the remainder when h(-5) is divided by 4?
3
Suppose -8*z + 3*z = 4*g - 45, 2*g + 5*z - 35 = 0. What is the remainder when 19 is divided by g?
4
Let f(d) = -d**3 - 6*d**2 - 5*d + 4. Calculate the remainder when f(-6) is divided by 12.
10
Suppose -4*u + 14 - 2 = 0. Calculate the remainder when u is divided by 2.
1
Let n be -5*(-5)/(25/4). Suppose p = -a + 5, 3*a - n*a - 5 = 0. Let f(t) = 9*t - 18. Calculate the remainder when f(5) is divided by p.
7
Suppose -4*d = 2*r - 13 - 21, -5*d = 2*r - 38. Let u = -23 - -16. Let v = r + u. What is the remainder when 6 is divided by v?
0
Let i = -22 - -30. Calculate the remainder when 29 is divided by i.
5
Let z(s) = -s**2 + 11*s - 13. Let w be z(9). Suppose 2*a + 30 = w*i, -11 = -i + 5*a + 18. Suppose i*k - k = 108. What is the remainder when k is divided by 13?
10
Let r(s) = s**3 + 10*s**2 + 6*s - 9. Let a = 13 - 2. Suppose 3*h - 10 = a. Calculate the remainder when r(-9) is divided by h.
4
Let f(m) = -m**3 + 11*m**2 - 3*m - 4. Calculate the remainder when f(6) is divided by 53.
52
Let o(r) = -2*r + 16. Let b be 28/(-4) - 2/2. Let h = b + 12. What is the remainder when o(3) is divided by h?
2
Let t be 2/(-3) + 26/3. What is the remainder when 4/t - 22/(-4) is divided by 4?
2
Let f(p) = p - 5. Let q be f(11). Suppose 6 = -0*x + 2*x. What is the remainder when x is divided by (-3)/q + (-9)/(-6)?
0
Let z be (-2 + -54)*(-9)/(-12). Calculate the remainder when (3/(-2))/(3/z) is divided by 12.
9
Suppose -5*l = 3*q - 6*q + 34, 2*q + 9 = -3*l. Calculate the remainder when 7 is divided by q.
1
Suppose 6*v - 65 = 61. Suppose -2*x - 2 = 0, -4*n - n - 4*x = -196. Calculate the remainder when n is divided by v.
19
Let p(u) = u**2 - 5*u + 7. Calculate the remainder when p(5) is divided by (-27 + 28)*((1 - 1) + 2).
1
Suppose -w + 155 = -g, 0 = 5*w + g + 3*g - 757. What is the remainder when w is divided by 26?
23
Suppose 0 = 12*x - 0*x - 156. Calculate the remainder when 114 is divided by x.
10
Suppose 10 + 27 = 2*p - i, -5*i = 2*p - 43. Suppose 8*q - 11*q = -165. What is the remainder when q is divided by p?
17
Suppose x = -2*x + 18. Calculate the remainder when 2/14 - 480/(-21) is divided by x.
5
Let l = 12 + -7. Let q(p) = p**3 - 4*p**2 + 4*p - 5. What is the remainder when q(l) is divided by 14?
12
Let g = -2 + 18. Let r = g + 2. What is the remainder when r is divided by 10?
8
Let z = -49 + 84. Let r(b) = -b**2 + 8*b - 3. Let d be r(7). Suppose 5*y - z = -k - d, -5*k = -2*y + 7. What is the remainder when 16 is divided by y?
4
Let q = -2 + 2. Suppose -5*k - 3*s + 63 + 52 = q, -4*s + 6 = k. What is the remainder when k is divided by 7?
5
Suppose -k = 77 - 247. Let g = -81 + k. What is the remainder when g is divided by 30?
29
Let y(d) = -d**3 + 5*d**2 + 13*d - 35. What is the remainder when 76/3 + 3/(-9) is divided by y(6)?
4
Suppose 0 = -0*p - 4*p + 20. Suppose p*v + 2*w - 38 = 3*v, 3 = w. What is the remainder when 47 is divided by v?
15
Let o be (0 - 1)/((-6)/(-30)). Calculate the remainder when ((-400)/6)/4*-3 is divided by (17/2)/(o/(-10)).
16
Calculate the remainder when (-2 - -12)/((-4)/(-38)) is divided by 24.
23
Suppose 3*b + 3*m - 9 = 0, -3 = b - 3*m - 2*m. Suppose 3*s - 23 = -r - 0*s, 71 = b*r + s. Let w = -14 - -27. Calculate the remainder when r is divided by w.
12
Let w = -284 - -314. Let c(i) = -2*i**3 - i - 1. What is the remainder when w is divided by c(-2)?
13
Let x = -12 + 21. Suppose b + 4*s + 2 + 9 = 0, 4*s = -4*b - 20. What is the remainder when 11 is divided by x/2*(-4)/b?
5
Suppose 0*i - 54 = -5*i + 2*r, 5*r - 75 = -5*i. Suppose -n = -i - 2. Suppose 4*q = 46 + 58. What is the remainder when q is divided by n?
12
Suppose -90 = -v - 4*v. Suppose 16 = 2*i + 2*o, -5*i - 4*o + 5*o + 52 = 0. What is the remainder when v is divided by i?
8
Let j = 0 - -1. Suppose 0 = -o - 3*o - 12, d - 3*o - 30 = 0. What is the remainder when d is divided by (44/(-8))/(j/(-2))?
10
Calculate the remainder when 79 is divided by 2/7 + 552/28.
19
Suppose 2*h = 2 + 2. Suppose 7*i - h*i - 145 = 0. What is the remainder when i is divided by 31/3 - (-2)/(-6)?
9
Suppose 5*m - 60 = 3*m. What is the remainder when m is divided by 16?
14
Let j(f) be the first derivative of 35*f**2/2 - f + 1. What is the remainder when j(1) is divided by 12?
10
Suppose 4*i - 4 = -l - 3*l, i - 5 = -3*l. Suppose -30 = -2*b - l. Suppose -3*n + 25 + b = 0. What is the remainder when 38 is divided by n?
12
Suppose 2*w + 18 = 2*k, 4*k + w - 5 - 6 = 0. Calculate the remainder when 10 is divided by k.
2
Let s = 246 - 229. What is the remainder when ((0 - -2) + -1)*66 is divided by s?
15
Suppose 6*j = 13*j - 63. Calculate the remainder when 33 is divided by j.
6
Suppose 4*t + 3 + 5 = 0. What is the remainder when 37 is divided by t/(-3)*3 + 17?
18
Suppose -9*g = -3*g - 486. What is the remainder when g is divided by 41?
40
Let l = 78 - 73. Calculate the remainder when l is divided by 2.
1
What is the remainder when (2 - 8)*(-1 + 93/(-9)) is divided by 35?
33
Suppose -2*c + 36 + 6 = 0. What is the remainder when 81 is divided by c?
18
Let r(f) = 10*f**3 + 2*f - 1. What is the remainder when 30 is divided by r(1)?
8
Calculate the remainder when 54 is divided by 1/2 - (-63)/6.
10
Let u(d) = 6*d**2 + 2*d + 1. Let p be u(-1). Suppose p*j - 217 = -m, -2*j + 23 = 4*m - 71. What is the remainder when j is divided by 11?
10
Suppose m + 83 = 5*o, 4*o - 2*m - 2*m = 60. Calculate the remainder when 334/7 - (-6)/21 is divided by o.
14
Let p = 3 - -3. Calculate the remainder when 20 is divided by p.
2
Suppose -b + 3*b - 80 = 0. Suppose -r - 126 = -7*r. Calculate the remainder when b is divided by r.
19
Calculate the remainder when 15 is divided by (-3 + 9 + 2)/2.
3
Suppose 0*i = -i + 4. Suppose -i*t + t + 24 = 0. Suppose -3*r = -42 - 0. Calculate the remainder when r is divided by t.
6
Suppose -9*c - 5*f - 657 = -12*c, -f - 645 = -3*c. Calculate the remainder when c is divided by 36.
34
Suppose -23 = -2*z - w + 20, 3*w = z - 11. Suppose 2*y = 4*l - 246, l = -7*y + 3*y + 39. Calculate the remainder when l is divided by z.
19
Suppose g = 126 - 315. Let o = -18 - g. Suppose -4*y + 0*s + o = s, 2*y + 4*s = 96. What is the remainder when y is divided by 22?
20
Let x(q) = -9*q**2 + 3. Let f be x(-4). What is the remainder when 29 is divided by (-3)/(-9) + f/(-9)?
13
Let i(q) = -q**3 + 4*q**2 - 4*q. Let t be i(3). Calculate the remainder when 41 is divided by 10 + -1*(-4 - t).
8
Suppose -253 = -5*r - 8*i + 4*i, 3*i - 202 = -4*r. Calculate the remainder when 95 is divided by r.
46
Let o(s) = 2 + 3*s**2 - s**2 + 1 - 9*s. Let x be o(7). Suppose -u + 11 = -3*y, 2*u - 3*y - x = -5*y. What is the remainder when u is divided by 9?
8
Let r(f) = f**3 - 8*f**2 + 16*f + 2. What is the remainder when 9 is divided by r(5)?
2
Suppose 2 = 3*s - 10. Calculate the remainder when s - -3 - (4 - 2) is divided by 2.
1
Let d be 3 - (-3 + 2)*4. Let k = d + -3. Calculate the remainder when k is divided by 3.
1
Let n = 13 - -1. Suppose 0 = 4*y + o - 8, -4*y + 3*y + o + 2 = 0. What is the remainder when y/7 + 360/14 is divided by n?
12
Calculate the remainder when 22 is divided by 5/(2 + 0 - 1).
2
Let d = 4 - 2. Suppose 12 = -4*q, 0 = -d*b - b - 5*q + 291. What is the remainder when b is divided by 26?
24
Suppose -12 = -w + 3*u, -6 - 3 = 3*u. Suppose 0 = w*j - 5*d - 73, -d = 4*j - 33 - 49. What is the remainder when j is divided by 11?
10
Let s = 329 + -222. What is the remainder when s is divided by 11?
8
Suppose 7*q - 6*q = 25. What is the remainder when 46 is divided by q?
21
Let d = 3 - 23. Let a = 28 + d. What is the remainder when 23 is divided by a?
7
Let y be (1 - -3 - 3) + 17. Let t = y + -5. What is the remainder when 24 is divided by t?
11
Let w = 6 - -7. Suppose 5*f + 2*t + 43 - 218 = 0, 0 = -2*f - 4*t + 70. Let r = f - -2. What is the remainder when r is divided by w?
11
Let i = 2 + 2. Calculate the remainder when i is divided by 1/6*3*4.
0
Let d be (0/(-4 - -2))/3. Suppose d = m - 1 - 0. What is the remain